{"id":13251,"date":"2015-07-20T16:37:42","date_gmt":"2015-07-20T14:37:42","guid":{"rendered":"http:\/\/archivio.comune.potenza.it\/?page_id=13251"},"modified":"2025-09-22T09:49:26","modified_gmt":"2025-09-22T07:49:26","slug":"farmacie-di-turno","status":"publish","type":"page","link":"https:\/\/archivio.comune.potenza.it\/?page_id=13251","title":{"rendered":"Farmacie di turno"},"content":{"rendered":"\n<div class=\"wp-block-columns is-layout-flex wp-container-core-columns-is-layout-1 wp-block-columns-is-layout-flex\">\n<div class=\"wp-block-column is-layout-flow wp-block-column-is-layout-flow\" style=\"flex-basis:100%\">\n<figure class=\"wp-block-table is-style-stripes has-small-font-size\"><table><tbody><tr><td><\/td><td><\/td><td><strong>Settembre 2025<\/strong><\/td><td><\/td><\/tr><tr><td><strong>Data<\/strong><\/td><td><strong>Turno notturno<\/strong><\/td><td><strong>Turno festivo<\/strong><\/td><td><strong>Riposo<\/strong><\/td><\/tr><tr><td>Luned\u00ec 1<\/td><td><strong>Savino<\/strong> via Petrarca 5<\/td><td><\/td><td><\/td><\/tr><tr><td>Marted\u00ec 2<\/td><td><strong>Trerotola<\/strong> via F. S. Nitti<\/td><td><\/td><td><\/td><\/tr><tr><td>Mercoled\u00ec 3<\/td><td><strong>Vicario<\/strong> via del Gallitello 104<\/td><td><\/td><td><\/td><\/tr><tr><td>Gioved\u00ec 4<\/td><td><strong>Figliola <\/strong>via Pretoria 271<\/td><td><\/td><td><strong>Mallamo<\/strong> via Enrico Toti 9\/13<br><strong>Perri<\/strong> piazza Matteotti 12<br><strong>Caputi<\/strong> via Isca del pioppo 4<\/td><\/tr><tr><td>Venerd\u00ec 5<\/td><td><strong>Mallamo<\/strong> via Enrico Toti 9\/13<\/td><td><\/td><td><\/td><\/tr><tr><td>Sabato 6<\/td><td><strong>Perri<\/strong> piazza Matteotti 12<\/td><td><strong>Mallamo<\/strong> via Enrico Toti 9\/13<br><strong>Perri<\/strong> piazza Matteotti 12<br><strong>Caputi<\/strong> via Isca del pioppo 4<\/td><td><\/td><\/tr><tr><td>Domenica 7<\/td><td><strong>Caputi<\/strong> via Isca del pioppo 4<\/td><td><strong>Perri<\/strong> piazza Matteotti 12<br><strong>Caputi<\/strong> via Isca del pioppo 4<\/td><td><\/td><\/tr><tr><td>Luned\u00ec 8<\/td><td><strong>Peluso <\/strong>via Vaccaro 326 <\/td><td><\/td><td><\/td><\/tr><tr><td>Marted\u00ec 9<\/td><td><strong>Macchia Romana<\/strong> via Gandhi 16<\/td><td><\/td><td><\/td><\/tr><tr><td>Mercoled\u00ec 10<\/td><td><strong>Figliola<\/strong> via Pretoria 271<\/td><td><\/td><td><\/td><\/tr><tr><td>Gioved\u00ec 11<\/td><td><strong>San Gerardo<\/strong> viale del Basento 16<\/td><td><\/td><td><strong>Iura<\/strong> via Anzio 14<br><strong>Mancinelli<\/strong> via Pretoria 207<br><strong>Marchitelli <\/strong>via Danzi 29<\/td><\/tr><tr><td>Venerd\u00ec 12<\/td><td><strong>Iura<\/strong> via Anzio 14<\/td><td><\/td><td><\/td><\/tr><tr><td>Sabato 13<\/td><td><strong>Mancinelli<\/strong> via Pretoria 207<\/td><td><strong>Iura<\/strong> via Anzio 14<br><strong>Mancinelli<\/strong> via Pretoria 207<br><strong>Marchitelli <\/strong>via Danzi 29<\/td><td><\/td><\/tr><tr><td>Domenica 14<\/td><td><strong>Marchitelli <\/strong>via Danzi 29<\/td><td><strong>Mancinelli<\/strong> via Pretoria 207<br><strong>Marchitelli <\/strong>via Danzi 29<\/td><td><\/td><\/tr><tr><td>Luned\u00ec 15<\/td><td><strong>Vicario<\/strong> via del Gallitello 104<\/td><td><\/td><td><\/td><\/tr><tr><td>Marted\u00ec 16<\/td><td><strong>Capizzi<\/strong> piazza Europa 12<\/td><td><\/td><td><\/td><\/tr><tr><td>Mercoled\u00ec 17<\/td><td><strong>Trerotola<\/strong> via F. S. Nitti<\/td><td><\/td><td><\/td><\/tr><tr><td>Gioved\u00ec 18<\/td><td><strong>Perri<\/strong> piazza Matteotti 12<\/td><td><\/td><td><strong>Peluso<\/strong> via Vaccaro 326<br><strong>Don Bosco<\/strong>&nbsp;piazza Don Bosco 18<br><strong>Vicario <\/strong>via del Gallitello 104<\/td><\/tr><tr><td>Venerd\u00ec 19<\/td><td><strong>Peluso<\/strong> via Vaccaro 326<\/td><td><\/td><td><\/td><\/tr><tr><td>Sabato 20<\/td><td><strong>Don Bosco<\/strong>&nbsp;piazza Don Bosco 18<\/td><td><strong>Peluso<\/strong> via Vaccaro 326<br><strong>Don Bosco<\/strong>&nbsp;piazza Don Bosco 18<br><strong>Vicario <\/strong>via del Gallitello 104<\/td><td><\/td><\/tr><tr><td>Domenica 21<\/td><td><strong>Vicario <\/strong>via del Gallitello 104<\/td><td><strong>Don Bosco<\/strong>&nbsp;piazza Don Bosco 18<br><strong>Vicario <\/strong>via del Gallitello 104<\/td><td><\/td><\/tr><tr><td>Luned\u00ec 22<\/td><td><strong>Savino<\/strong> via Petrarca 5<\/td><td><\/td><td><\/td><\/tr><tr><td>Marted\u00ec 23<\/td><td><strong>Salus<\/strong> via De Coubertin 4<\/td><td><\/td><td><\/td><\/tr><tr><td>Mercoled\u00ec 24<\/td><td><strong>Macchia Romana<\/strong> via Gandhi 16<\/td><td><\/td><td><\/td><\/tr><tr><td>Gioved\u00ec 25<\/td><td><strong>Iura<\/strong> via Anzio 14<\/td><td><\/td><td><strong>Mattia &amp; Corvino<\/strong> via Tirreno 3<br><strong>San Gerardo<\/strong> viale del Basento 16<br><strong>Marchesiello<\/strong> corso Garibaldi 92<\/td><\/tr><tr><td>Venerd\u00ec 26<\/td><td><strong>Mattia &amp; Corvino<\/strong> via Tirreno 3<\/td><td><\/td><td><\/td><\/tr><tr><td>Sabato 27<\/td><td><strong>San Gerardo<\/strong> viale del Basento 16<\/td><td><strong>Mattia &amp; Corvino<\/strong> via Tirreno 3<br><strong>San Gerardo<\/strong> viale del Basento 16<br><strong>Marchesiello<\/strong> corso Garibaldi 92<\/td><td><\/td><\/tr><tr><td>Domenica 28<\/td><td><strong>Marchesiello<\/strong> corso Garibaldi 92<\/td><td><strong>San Gerardo<\/strong> viale del Basento 16<br><strong>Marchesiello<\/strong> corso Garibaldi 92<\/td><td><\/td><\/tr><tr><td>Luned\u00ec 29<\/td><td><strong>Caputi<\/strong> via Isca del pioppo 4<\/td><td><\/td><td><\/td><\/tr><tr><td>Marted\u00ec 30<\/td><td><strong>Marchitelli <\/strong>via Danzi 29<\/td><td><\/td><td><\/td><\/tr><\/tbody><\/table><\/figure>\n<\/div>\n\n\n\n<div class=\"wp-block-column is-layout-flow wp-block-column-is-layout-flow\"><\/div>\n<\/div>\n\n\n\n<p>Si precisa che il turno notturno parte dalle ore 20.30 della data indicata nella tabella soprastante fino alle ore 8.30 del giorno successivo.<\/p>\n\n\n\n<hr class=\"wp-block-separator has-css-opacity is-style-default\"\/>\n\n\n\n<p class=\"has-text-align-left has-small-font-size\"><strong>ELENCO DELLE FARMACIE CITTA&#8217; DI POTENZA<\/strong><\/p>\n\n\n\n<ul class=\"wp-block-list has-small-font-size\">\n<li><strong>Capizzi<\/strong>, piazza Europa, n. 12 &#8211; <strong><a href=\"tel:0971444822\">tel. 0971 444822<\/a><\/strong><\/li>\n\n\n\n<li><strong>Caputi<\/strong>, via Isca del pioppo n. 4 &#8211; <strong><a href=\"tel:09711561092\">tel. 0971 1561092<\/a><\/strong><\/li>\n\n\n\n<li><strong>Diamante<\/strong>, via Pretoria, n. 165 &#8211;<a href=\"tel:097125637\"><strong> tel. 0971 25637<\/strong><\/a><\/li>\n\n\n\n<li><strong>Don Bosco<\/strong>, piazza Don Bosco, n. 18 &#8211; <strong><a href=\"tel:09711941935\">tel. 0971 1941935<\/a><\/strong><\/li>\n\n\n\n<li><strong>Figliola<\/strong>, via Pretoria 271 (palazzo INPS) &#8211;<strong> <a href=\"tel:097124945\">tel. 0971 24945<\/a><\/strong><\/li>\n\n\n\n<li><strong>Guglielmi<\/strong>, c.da Bucaletto pref. API 12 &#8211;<a href=\"tel:097169315\"><strong> tel. 0971 69315<\/strong><\/a><\/li>\n\n\n\n<li><strong>Iura<\/strong>, via Anzio, n. 14 &#8211;<strong> <a href=\"tel:097145438\">tel. 0971 45438<\/a><\/strong><\/li>\n\n\n\n<li><strong>Macchia Romana<\/strong>, via Gandhi, 16 &#8211;<a href=\"tel:0971441609\"><strong> tel. 0971\/441609<\/strong><\/a><\/li>\n\n\n\n<li><strong>Mallamo<\/strong>, via Enrico Toti, n. 9\/13 &#8211;<strong> <a href=\"tel:0971473447\">tel.0971 473447<\/a><\/strong><\/li>\n\n\n\n<li><strong>Mancinelli<\/strong>, via Pretoria, n. 207 &#8211;<strong> <a href=\"tel:097121067\">tel. 0971 21067<\/a><\/strong><\/li>\n\n\n\n<li><strong>Marchesiello<\/strong>, corso Giuseppe Garibaldi, n. 92 &#8211;<strong> <a href=\"tel:097121179\">tel. 0971 21179<\/a><\/strong><\/li>\n\n\n\n<li><strong>Marchitelli<\/strong>, via Danzi, n. 29 &#8211;<a href=\"tel:0971441990\"><strong> tel. 0971 441990<\/strong><\/a><\/li>\n\n\n\n<li><strong>Mattia &amp; Corvino<\/strong>, via Tirreno, n. 3 &#8211;<strong> <a href=\"tel:0971281961\">tel. 0971 281961<\/a><\/strong><\/li>\n\n\n\n<li><strong>Peluso<\/strong>, via Vaccaro, n. 326 &#8211;<a href=\"tel:097154517\"><strong> tel. 0971 54517<\/strong><\/a><\/li>\n\n\n\n<li><strong>Perri<\/strong>, piazza Giacomo Matteotti, n. 12 &#8211;<strong> <a href=\"tel:097121148\">tel. 0971 21148<\/a><\/strong><\/li>\n\n\n\n<li><strong>Savino<\/strong>, via Francesco Petrarca, n. 5 &#8211;<strong> <a href=\"tel:097125447\">tel. 0971 25447<\/a><\/strong><\/li>\n\n\n\n<li><strong>Trerotola<\/strong>, via Francesco Saverio Nitti &#8211; <a href=\"tel:0971472839\"><strong>tel. 0971 472839<\/strong><\/a><\/li>\n\n\n\n<li><strong>Salus<\/strong>, via De Coubertin, 4 &#8211; <a href=\"tel:0971441997\"><strong>tel. 0971\/441997<\/strong><\/a><\/li>\n\n\n\n<li><strong>San Gerardo<\/strong>, viale del Basento, 16 &#8211; <a href=\"tel:0971470552\"><strong>tel. 0971\/470552<\/strong><\/a><\/li>\n\n\n\n<li><strong>Vicario<\/strong>, via del Gallitello, n. 104 &#8211;<a href=\"tel:09711940057\"><strong> tel. 0971 1940057<\/strong><\/a><\/li>\n<\/ul>\n\n\n\n<hr class=\"wp-block-separator has-css-opacity is-style-default\"\/>\n\n\n\n<div class=\"wp-block-group\"><div class=\"wp-block-group__inner-container is-layout-flow wp-block-group-is-layout-flow\">\n<div class=\"wp-block-columns is-layout-flex wp-container-core-columns-is-layout-9 wp-block-columns-is-layout-flex\">\n<div class=\"wp-block-column is-layout-flow wp-block-column-is-layout-flow\" style=\"flex-basis:100%\">\n<div class=\"wp-block-columns is-layout-flex wp-container-core-columns-is-layout-8 wp-block-columns-is-layout-flex\">\n<div class=\"wp-block-column is-layout-flow wp-block-column-is-layout-flow\" style=\"flex-basis:100%\">\n<div class=\"wp-block-columns is-layout-flex wp-container-core-columns-is-layout-7 wp-block-columns-is-layout-flex\">\n<div class=\"wp-block-column is-layout-flow wp-block-column-is-layout-flow\" style=\"flex-basis:100%\">\n<div class=\"wp-block-columns is-layout-flex wp-container-core-columns-is-layout-6 wp-block-columns-is-layout-flex\">\n<div class=\"wp-block-column is-layout-flow wp-block-column-is-layout-flow\" style=\"flex-basis:100%\">\n<div class=\"wp-block-columns is-layout-flex wp-container-core-columns-is-layout-5 wp-block-columns-is-layout-flex\">\n<div class=\"wp-block-column is-layout-flow wp-block-column-is-layout-flow\" style=\"flex-basis:100%\">\n<div class=\"wp-block-columns is-layout-flex wp-container-core-columns-is-layout-4 wp-block-columns-is-layout-flex\">\n<div class=\"wp-block-column is-layout-flow wp-block-column-is-layout-flow\" style=\"flex-basis:100%\">\n<div class=\"wp-block-group\"><div class=\"wp-block-group__inner-container is-layout-flow wp-block-group-is-layout-flow\">\n<div class=\"wp-block-group\"><div class=\"wp-block-group__inner-container is-layout-flow wp-block-group-is-layout-flow\">\n<div class=\"wp-block-group\"><div class=\"wp-block-group__inner-container is-layout-flow wp-block-group-is-layout-flow\">\n<div class=\"wp-block-group\"><div class=\"wp-block-group__inner-container is-layout-flow wp-block-group-is-layout-flow\">\n<div class=\"wp-block-group\"><div class=\"wp-block-group__inner-container is-layout-flow wp-block-group-is-layout-flow\">\n<div class=\"wp-block-group\"><div class=\"wp-block-group__inner-container is-layout-flow wp-block-group-is-layout-flow\">\n<div class=\"wp-block-group\"><div class=\"wp-block-group__inner-container is-layout-flow wp-block-group-is-layout-flow\">\n<div class=\"wp-block-columns is-layout-flex wp-container-core-columns-is-layout-3 wp-block-columns-is-layout-flex\">\n<div class=\"wp-block-column is-layout-flow wp-block-column-is-layout-flow\" style=\"flex-basis:100%\">\n<div class=\"wp-block-group\"><div class=\"wp-block-group__inner-container is-layout-flow wp-block-group-is-layout-flow\">\n<div class=\"wp-block-columns is-layout-flex wp-container-core-columns-is-layout-2 wp-block-columns-is-layout-flex\">\n<div class=\"wp-block-column is-layout-flow wp-block-column-is-layout-flow\" style=\"flex-basis:100%\">\n<figure class=\"wp-block-table is-style-stripes has-small-font-size\"><table class=\"has-fixed-layout\"><tbody><tr><td class=\"has-text-align-left\" data-align=\"left\"><strong>Settembre 2025<\/strong><\/td><td><strong>Turni festivi distretti di Potenza e Villa d&#8217;Agri<\/strong><\/td><\/tr><tr><td class=\"has-text-align-left\" data-align=\"left\"><strong>Domenica 7<\/strong><\/td><td>Mascialino Bella<br>Giuzio L. Vaglio di Basilicata<br>Scavone Abriola<br>Farmacia Di Carlo s.a.s. S.Angelo Le Fratte<br>Baldaro Picerno &#8211; ex S.S. 94<br>Ciano Oppido Lucano<br>Pace s.n.c. Filiano<br>Sede VACANTE Brindisi di M.<br>Farmacia Cunetta s.r.l. Paterno<br>Carbone s.a.s. Tramutola<br>Farmacia Piizzi srl Moliterno<br>Farmacia Al Borgo Guardia Perticara<br>Ricciardi Missanello<\/td><\/tr><tr><td class=\"has-text-align-left\" data-align=\"left\"><strong>Domenica 14<\/strong><\/td><td>Saponara Castelgrande<br>De Canio Clelia S. Chirico Nuovo<br>Sapone &#8211; Nuzzi Laurenzana<br>Farmacia Raucci s.a.s. Satriano di L.<br>Gerardi Tito<br>Verrastro snc Fraz. San Nicola di Potenza<br>Accursi Bella &#8211; Fraz. S.Cataldo<br>Guglielmi Potenza &#8211; Bucaletto<br>Lo Duca Marsico Nuovo &#8211; Pergola<br>Paesano s.r.l. Villa d&#8217;Agri<br>Candia Grumento Nova<br>Fiore Armento<br>Leone S. Chirico Raparo<\/td><\/tr><tr><td class=\"has-text-align-left\" data-align=\"left\"><strong>Domenica 21<\/strong><\/td><td>Farmacia Saracco s.n.c. Muro Lucano<br>Farmacie GISA s.a.s. Albano di Lucania<br>Comunale srl Calvello<br>De Canio A. Vietri di Potenza<br>Caterini Tito Scalo<br>Cianciarulo Pietragalla<br>Verrastro s.n.c. Avigliano &#8211; Fraz. Lagopesole<br>Lapetina s.r.l. Castelmezzano<br>De.A.L. sas &#8211; dr. Sansone Marsico Nuovo<br>Farmacia Caiazza s.n.c. Viggiano<br>Tedesco Sarconi<br>Girasole &#8211; Picconi sas Corleto Perticara<br>Cilibrizzi S. Martino d&#8217;Agri<\/td><\/tr><tr><td class=\"has-text-align-left\" data-align=\"left\"><strong>Domenica 28<\/strong><\/td><td>Comunale Muro Lucano &#8211; Capodigiano<br>Logiodice R. Campomaggiore<br>Bellarosa Anzi<br>Rubino Balvano<br>Giacovazzo Pignola<br>Labella Cancellara<br>Farmacia San Giorgio s.a.s. Pietragalla &#8211; Fraz. S. Giorgio<br>Raimondi Pietrapertosa<br>Farmacia Pastore s.n.c. Brienza<br>Orlando F. Paterno &#8211; Localit\u00e0 Pecci<br>Lotito Montemurro<br>Pandolfo Gallicchio<br>Solimando Spinoso<\/td><\/tr><\/tbody><\/table><\/figure>\n<\/div>\n<\/div>\n<\/div><\/div>\n<\/div>\n<\/div>\n\n\n\n<p><\/p>\n<\/div><\/div>\n<\/div><\/div>\n<\/div><\/div>\n<\/div><\/div>\n<\/div><\/div>\n<\/div><\/div>\n<\/div><\/div>\n<\/div>\n<\/div>\n<\/div>\n<\/div>\n<\/div>\n<\/div>\n<\/div>\n<\/div>\n<\/div>\n<\/div>\n<\/div>\n<\/div>\n<\/div><\/div>\n","protected":false},"excerpt":{"rendered":"<p>Settembre 2025 Data Turno notturno Turno festivo Riposo Luned\u00ec 1 Savino via Petrarca 5 Marted\u00ec 2 Trerotola via F. S. Nitti Mercoled\u00ec 3 Vicario via &#8230; <\/p>\n","protected":false},"author":5,"featured_media":0,"parent":13197,"menu_order":0,"comment_status":"closed","ping_status":"closed","template":"","meta":{"footnotes":""},"class_list":["post-13251","page","type-page","status-publish","hentry"],"_links":{"self":[{"href":"https:\/\/archivio.comune.potenza.it\/index.php?rest_route=\/wp\/v2\/pages\/13251"}],"collection":[{"href":"https:\/\/archivio.comune.potenza.it\/index.php?rest_route=\/wp\/v2\/pages"}],"about":[{"href":"https:\/\/archivio.comune.potenza.it\/index.php?rest_route=\/wp\/v2\/types\/page"}],"author":[{"embeddable":true,"href":"https:\/\/archivio.comune.potenza.it\/index.php?rest_route=\/wp\/v2\/users\/5"}],"replies":[{"embeddable":true,"href":"https:\/\/archivio.comune.potenza.it\/index.php?rest_route=%2Fwp%2Fv2%2Fcomments&post=13251"}],"version-history":[{"count":0,"href":"https:\/\/archivio.comune.potenza.it\/index.php?rest_route=\/wp\/v2\/pages\/13251\/revisions"}],"up":[{"embeddable":true,"href":"https:\/\/archivio.comune.potenza.it\/index.php?rest_route=\/wp\/v2\/pages\/13197"}],"wp:attachment":[{"href":"https:\/\/archivio.comune.potenza.it\/index.php?rest_route=%2Fwp%2Fv2%2Fmedia&parent=13251"}],"curies":[{"name":"wp","href":"https:\/\/api.w.org\/{rel}","templated":true}]}}