{"id":29895,"date":"2018-11-07T12:26:24","date_gmt":"2018-11-07T11:26:24","guid":{"rendered":"http:\/\/archivio.comune.potenza.it\/?page_id=29895"},"modified":"2021-11-26T13:01:46","modified_gmt":"2021-11-26T12:01:46","slug":"pegasus","status":"publish","type":"page","link":"https:\/\/archivio.comune.potenza.it\/?page_id=29895","title":{"rendered":"Pegasus"},"content":{"rendered":"\n<p>Cos\u2019\u00e8 il Progetto PEGASUS<\/p>\n\n\n\n<p>PEGASUS \u00e8 un progetto europeo, promosso e guidato dal Comune di Potenza, incentrato sulla simulazione del funzionamento delle microreti energetiche, ovvero di sistemi locali di produzione e consumo di energia da fonti rinnovabili. Attraverso tale progetto si intende dimostrare la convenienza e la&nbsp;validit\u00e1&nbsp;del modello microrete anche nei territori serviti dalla rete&nbsp;elettrica pubblica.<br>Per tale ragione in 7 zone diverse&nbsp;dell\u2019Europa Mediterranea si sta simulando il funzionamento di microreti&nbsp;che attraverso una generazione&nbsp;elettrica locale da fonte rinnovabile&nbsp;consentono il raggiungimento di benefici sia energetici che ambientali, oltre ad&nbsp;un servizio elettrico pi\u00f9 efficiente ed economico.<br>Attraverso lo sviluppo delle attivit\u00e0 di progetto,&nbsp;PEGASUS contribuir\u00e0 a:<\/p>\n\n\n\n<ul class=\"wp-block-list\"><li>rafforzare la capacit\u00e1 amministrativa&nbsp;del personale delle autorit\u00e0 pubbliche per la realizzazione di microreti in zone&nbsp;rurali ed insulari<\/li><li>creare un ambiente pi\u00f9 favorevole allo sviluppo di mercati energetici innovativi&nbsp;a livello locale sia in relazione alla&nbsp;domanda che all\u2019offerta<\/li><li>individuare un insieme di parametri di riferimento che possano&nbsp;supportare un&#8217;implementazione sostenibile delle&nbsp;microreti&nbsp;in nuovi territori.<\/li><\/ul>\n\n\n\n<p class=\"has-text-align-center\"><strong><a href=\"https:\/\/archivio.comune.potenza.it\/?cat=732\">Consulta le ultime notizie del Progetto PEGASUS<\/a><\/strong><\/p>\n\n\n\n<div class=\"wp-block-columns is-layout-flex wp-container-core-columns-is-layout-1 wp-block-columns-is-layout-flex\">\n<div class=\"wp-block-column is-layout-flow wp-block-column-is-layout-flow\">\n<p><strong>Scarica le Newsletter <\/strong><\/p>\n\n\n\n<p><a href=\"https:\/\/archivio.comune.potenza.it\/wp-content\/uploads\/2019\/10\/PEGASUS_Newsletter-5.pdf\">Newsletter 5 &#8211; ottobre 2019<\/a><\/p>\n\n\n\n<p><a href=\"https:\/\/archivio.comune.potenza.it\/wp-content\/uploads\/2019\/02\/PEGASUS-_Newsletter-4_PP5-DEMEPA-ilovepdf-compressed.pdf\">Newsletter n.&nbsp; 4 &#8211; dicembre 2018<\/a><\/p>\n\n\n\n<p><a href=\"https:\/\/archivio.comune.potenza.it\/wp-content\/uploads\/2019\/02\/PEGASUS-_Newsletter-3_PP5-DeMEPA.pdf\">Newsletter n.&nbsp; 3 &#8211; maggio 2018<\/a><\/p>\n\n\n\n<p><a rel=\"noreferrer noopener\" href=\"https:\/\/archivio.comune.potenza.it\/wp-content\/uploads\/2018\/02\/Progetto-PEGASUS-_Newsletter-2.pdf\" target=\"_blank\">Newsletter n. 2 &#8211; 5 marzo 2018<\/a><\/p>\n\n\n\n<p><a rel=\"noreferrer noopener\" href=\"https:\/\/archivio.comune.potenza.it\/wp-content\/uploads\/2018\/02\/Progetto-PEGASUS_Newsletter-1.pdf\" target=\"_blank\">Newsletter n. 1 &#8211; 23 febbraio 2018<\/a><\/p>\n<\/div>\n\n\n\n<div class=\"wp-block-column is-layout-flow wp-block-column-is-layout-flow\">\n<p><strong>Iscriviti alla newsletter<\/strong><\/p>\n\n\n\n<!-- [et_pb_line_break_holder] --><!-- Begin Mailchimp Signup Form --><!-- [et_pb_line_break_holder] --><!-- [et_pb_line_break_holder] -->\n\n<style type=\"text\/css\"><!-- [et_pb_line_break_holder] --> #mc_embed_signup{background:#fff; clear:left; font:14px Helvetica,Arial,sans-serif; }<!-- [et_pb_line_break_holder] --> \/* Add your own Mailchimp form style overrides in your site stylesheet or in this style block.<!-- [et_pb_line_break_holder] --> We recommend moving this block and the preceding CSS link to the HEAD of your HTML file. *\/<!-- [et_pb_line_break_holder] --><\/style>\n\n<!-- [et_pb_line_break_holder] -->\n<div id=\"mc_embed_signup\"><!-- [et_pb_line_break_holder] -->\n\n<form id=\"mc-embedded-subscribe-form\" class=\"validate\" action=\"https:\/\/interreg-med.us18.list-manage.com\/subscribe\/post?u=6f2a920be1d324fe4cbc4a76e&amp;id=1ae163f70e\" method=\"post\" name=\"mc-embedded-subscribe-form\" novalidate=\"\" target=\"_blank\"><!-- [et_pb_line_break_holder] -->\n<div id=\"mc_embed_signup_scroll\"><!-- [et_pb_line_break_holder] --> <!-- [et_pb_line_break_holder] -->\n<div class=\"indicates-required\"><span class=\"asterisk\">*<\/span> indicates required<\/div>\n<!-- [et_pb_line_break_holder] -->\n<div class=\"mc-field-group\"><!-- [et_pb_line_break_holder] --> <label for=\"mce-EMAIL\">INDIRIZZO E-MAIL <span class=\"asterisk\">*<\/span><!-- [et_pb_line_break_holder] --><\/label><!-- [et_pb_line_break_holder] --> <input id=\"mce-EMAIL\" class=\"required email\" name=\"EMAIL\" type=\"email\" value=\"\"><!-- [et_pb_line_break_holder] --><\/div>\n<!-- [et_pb_line_break_holder] -->\n<div id=\"mce-responses\" class=\"clear\"><!-- [et_pb_line_break_holder] -->\n<div id=\"mce-error-response\" class=\"response\" style=\"display: none;\"><\/div>\n<!-- [et_pb_line_break_holder] -->\n<div id=\"mce-success-response\" class=\"response\" style=\"display: none;\"><\/div>\n<!-- [et_pb_line_break_holder] -->\n\n<\/div>\n<!-- real people should not fill this in and expect good things - do not remove this or risk form bot signups--><!-- [et_pb_line_break_holder] -->\n<div style=\"position: absolute; left: -5000px;\" aria-hidden=\"true\"><input tabindex=\"-1\" name=\"b_6f2a920be1d324fe4cbc4a76e_1ae163f70e\" type=\"text\" value=\"\"><\/div>\n<!-- [et_pb_line_break_holder] -->\n<div class=\"clear\"><input id=\"mc-embedded-subscribe\" class=\"button\" name=\"subscribe\" type=\"submit\" value=\"Subscribe\"><\/div>\n<!-- [et_pb_line_break_holder] -->\n\n<\/div>\n<!-- [et_pb_line_break_holder] -->\n\n<\/form><!-- [et_pb_line_break_holder] -->\n\n<\/div>\n<!-- [et_pb_line_break_holder] --><script type=\"text\/javascript\" src=\"\/\/s3.amazonaws.com\/downloads.mailchimp.com\/js\/mc-validate.js\"><\/script><script type=\"text\/javascript\">(function($) {window.fnames = new Array(); window.ftypes = new Array();fnames[0]='EMAIL';ftypes[0]='email';}(jQuery));var $mcj = jQuery.noConflict(true);<\/script><!-- [et_pb_line_break_holder] --><!--End mc_embed_signup-->\n<\/div>\n\n\n\n<div class=\"wp-block-column is-layout-flow wp-block-column-is-layout-flow\">\n<p><strong>Seguici su<\/strong><\/p>\n\n\n\n<strong> Seguici su<\/strong>\n<a href=\"https:\/\/www.facebook.com\/pages\/category\/Government-Organization\/Comune-di-Potenza-154783187925218\/\" target=\"_blank\" rel=\"noopener noreferrer\"><img loading=\"lazy\" decoding=\"async\" class=\"wp-image-29897 alignleft\" src=\"https:\/\/archivio.comune.potenza.it\/wp-content\/uploads\/2018\/11\/FB.png\" alt=\"\" width=\"84\" height=\"47\" \/><\/a><a href=\"https:\/\/twitter.com\/PegasusPZ\" target=\"_blank\" rel=\"noopener noreferrer\"><img loading=\"lazy\" decoding=\"async\" class=\"wp-image-29899 alignleft\" src=\"https:\/\/archivio.comune.potenza.it\/wp-content\/uploads\/2018\/11\/twtter-1.png\" alt=\"\" width=\"44\" height=\"44\" srcset=\"https:\/\/archivio.comune.potenza.it\/wp-content\/uploads\/2018\/11\/twtter-1.png 637w, https:\/\/archivio.comune.potenza.it\/wp-content\/uploads\/2018\/11\/twtter-1-150x150.png 150w, https:\/\/archivio.comune.potenza.it\/wp-content\/uploads\/2018\/11\/twtter-1-300x300.png 300w\" sizes=\"(max-width: 44px) 100vw, 44px\" \/><\/a><\/p>\n<\/div>\n<\/div>\n","protected":false},"excerpt":{"rendered":"<p>Cos\u2019\u00e8 il Progetto PEGASUS PEGASUS \u00e8 un progetto europeo, promosso e guidato dal Comune di Potenza, incentrato sulla simulazione del funzionamento delle microreti energetiche, ovvero &#8230; <\/p>\n","protected":false},"author":2,"featured_media":0,"parent":0,"menu_order":0,"comment_status":"closed","ping_status":"closed","template":"","meta":{"footnotes":""},"class_list":["post-29895","page","type-page","status-publish","hentry"],"_links":{"self":[{"href":"https:\/\/archivio.comune.potenza.it\/index.php?rest_route=\/wp\/v2\/pages\/29895"}],"collection":[{"href":"https:\/\/archivio.comune.potenza.it\/index.php?rest_route=\/wp\/v2\/pages"}],"about":[{"href":"https:\/\/archivio.comune.potenza.it\/index.php?rest_route=\/wp\/v2\/types\/page"}],"author":[{"embeddable":true,"href":"https:\/\/archivio.comune.potenza.it\/index.php?rest_route=\/wp\/v2\/users\/2"}],"replies":[{"embeddable":true,"href":"https:\/\/archivio.comune.potenza.it\/index.php?rest_route=%2Fwp%2Fv2%2Fcomments&post=29895"}],"version-history":[{"count":0,"href":"https:\/\/archivio.comune.potenza.it\/index.php?rest_route=\/wp\/v2\/pages\/29895\/revisions"}],"wp:attachment":[{"href":"https:\/\/archivio.comune.potenza.it\/index.php?rest_route=%2Fwp%2Fv2%2Fmedia&parent=29895"}],"curies":[{"name":"wp","href":"https:\/\/api.w.org\/{rel}","templated":true}]}}